**2 + 6. Calculate h(q).
6
Let o(h) = h**2 + 5*h - 4. Let w be o(-5). Let v be ((-14)/w - 3)*18. Let u(z) = 9*z + 86245*z**2 - 319 + 313 - 86246*z**2. What is u(v)?
-6
Let g(s) = -25*s - 41. Let z(x) = -32*x - 46. Let i(q) = -3*g(q) + 2*z(q). What is i(-3)?
-2
Let h(t) = 2*t - 1. Let n(s) = 2*s**2 + 7*s - 24. Let i(v) = 2*h(v) + n(v). Let p be i(-7). Let m(g) = g**3 + 7*g**2 + 6*g - 1. What is m(p)?
19
Let k = 217 + -125. Suppose -4*z + 0*z = -d - 76, -4*z = 3*d - k. Let s(h) = -31*h + z*h + 12*h - 8. Determine s(7).
-1
Let s(m) be the third derivative of 1/120*m**6 + 13/60*m**5 + 76*m**2 - 7/6*m**3 + 1/2*m**4 + 0*m + 0. What is s(-12)?
-7
Let b(u) be the second derivative of -7*u**3/6 - 2*u**2 + 13840*u. Let d(l) = -l**2 - 3*l + 1. Let q be d(-4). What is b(q)?
17
Let j(f) = -f**3 - 29*f**2 + 2*f + 67. Suppose -2613 = 58*w - 931. What is j(w)?
9
Let j(x) = -45*x**2 + 88*x + 41. Let i(y) = -59*y**2 + 117*y + 54. Let c(z) = 10*i(z) - 13*j(z). Calculate c(5).
12
Suppose 2*v = 22 - 6. Let j(n) = -7*n**3 + 4*n**2 + 20*n + 7. Let b(t) = -5*t**3 + t**2 + 15*t + 7. Let w(a) = -4*b(a) + 3*j(a). Give w(v).
-7
Let d(n) = -5*n. Suppose -23*w - 1710 = -32*w. Let i = w - 189. What is d(i)?
-5
Let k(c) = 82*c + 2. Suppose -64*o - 34 = -81*o + 51*o. Calculate k(o).
-80
Let t(g) = g**3 + 14*g**2 + 12*g - 13. Let n be t(-13). Let r(f) = -12*f**2 + 16*f**2 - 26 - 3*f**2 + 6 + f**3. What is r(n)?
-20
Let r(p) = -p**3 + 10*p**2 - p + 13. Let g be (0/(-7))/((-2)/2). Suppose -6*z + 43 + 17 = g. What is r(z)?
3
Let l(b) = 1239*b**3 + 27 + 38*b - 5*b**2 - 4*b**2 - 617*b**3 - 623*b**3. What is l(-12)?
3
Suppose z + 14 = 2*y + 22, 3*z = -2*y - 24. Let i(b) = b**3 + 2*b**3 - 20*b**2 - 3*b + 25*b**2 + 5 - 2*b**3. What is i(y)?
-13
Let g(p) = p**3 - 13*p**2 + 11*p + 6. Suppose 0 = -37*w + 148 + 296. What is g(w)?
-6
Suppose 0 = 107*l - 98 - 437. Let v(h) = h**2 + 10*h - 51. Give v(l).
24
Let f(q) be the first derivative of -2*q**2 - 13*q + 167. Let x(n) = -7*n - 22. Let m(z) = 5*f(z) - 3*x(z). What is m(-2)?
-1
Let d(v) = 3*v + 43. Let c(k) = -28*k + 492. Let q be c(18). Give d(q).
7
Let g = 11 + -11. Let k(x) be the third derivative of -x**4/24 - 7*x**3/2 + 2691*x**2. Calculate k(g).
-21
Let q be 30/(-18)*-1*(24 - 27). Let p(w) = -w**3 - 3*w**2 - 3*w - 10. What is p(q)?
55
Suppose -2*k + 64 = -4*h + 28, 2*k + 3*h - 15 = 0. Let b(d) = d**3 - 12*d**2. Determine b(k).
0
Let q(w) = -5*w**3 + 18*w**2 + 6. Let y(i) = 4*i**3 - 16*i**2 + i - 6. Let j(c) = 2*q(c) + 3*y(c). Calculate j(6).
12
Let q be 0*(20/8 - 2). Suppose q = 3*t - 5*t + 8. Suppose 0 = -5*j + t*j - 3. Let a(s) = 3*s + 2. Give a(j).
-7
Let z(j) = -10*j**2 + 5*j + 5. Let k(g) = 9*g**2 - 4*g - 4. Let x(l) = 5*k(l) + 4*z(l). Suppose -36*s - 24288 = -13*s. Let p = s - -1058. What is x(p)?
20
Let q(o) = 5*o**2 + 2*o + 13. Let v(t) = 2*t**2 - 3*t + 1. Let s(a) = q(a) - 2*v(a). Suppose -3*y - 9 = 15. What is s(y)?
11
Suppose -81 = 4*w + 5*j, 38 = -3*w + 3*j - 16. Let r = w - -15. Let p(i) be the first derivative of i**4/4 + 2*i**3/3 - 5*i**2/2 + 2*i - 34. Determine p(r).
-10
Let h(b) = -99*b - 54. Let l(v) = -77*v - 55. Let r(q) = 4*h(q) - 5*l(q). Give r(11).
-62
Let a(c) = -c**2 - 25*c - 148. Let n be a(-12). Let m(o) = o**2 - 12*o + 26. What is m(n)?
-6
Suppose 172 = 4*m - 3*t, -86 = -2*m - t - 2*t. Let b(g) = g**2 - 49*g + 256. What is b(m)?
-2
Let l(z) = -3*z**2 - 6*z - 8. Let t(u) = -10*u**2 - 18*u - 24. Let n(h) = 11*l(h) - 4*t(h). Give n(-3).
53
Let y(c) = -c**3 + 2*c**2 + 12*c - 11. Let f(h) = h**2 - h + 1. Let g = -149 - -152. Let k(u) = g*f(u) + y(u). Determine k(6).
10
Let o(a) = -a**2 + 9*a - 1. Let h(t) = -1. Let d(y) = -4*h(y) - o(y). Suppose 5*r = 5, -2*m - 5*r + 6 + 15 = 0. What is d(m)?
-3
Let v = -14791 - -14788. Let x(j) = -6*j**2 - 6*j - 18. Determine x(v).
-54
Let l(r) = 267 + 59 + 46 + 19*r - 14*r + 29*r. Determine l(-11).
-2
Let c be ((-6)/(-48)*-4)/(2/(-8)). Let q(b) = 6*b + 6*b + 9*b**c + 1 - 11*b. Suppose -78*m + 5 = -83*m. Determine q(m).
9
Let p = -14 + 10. Let v(n) = n**3 + 5*n**2. Let b(y) = 2*y**3 + 10*y**2 + y + 1. Suppose -29*t + 26*t = -33. Let d(j) = t*v(j) - 6*b(j). Determine d(p).
2
Let b = 112 + -174. Let h = 69 + b. Suppose h*x + 14 = -0*x. Let v(r) = -r - 2. What is v(x)?
0
Let v(k) = k**3 + 14*k**2 + 24*k - 5. Suppose 24*j + 282 = 4*j + 42. Determine v(j).
-5
Let g(m) = -8*m - m**3 + 6*m**2 + 0*m + 8*m**2 - 6*m**2 + 3. Suppose -2108 = 13*x + 18*x. Let c be x/(-10) - (33/(-15) - -2). Calculate g(c).
-4
Let u(q) = q**2 + 7*q. Let x = 241 + -23. Let j = -226 + x. What is u(j)?
8
Let s(z) = -63*z - 17. Let q(c) = 179*c + 49. Let k(o) = 4*q(o) + 11*s(o). Determine k(2).
55
Let r(c) = 0*c**2 + 4*c - c**2 + 1 - 2*c. Suppose 0 = -3*l + 7*l - 5*d - 32, 3*l + 3*d = -3. Suppose 3*u = l*i, -3*u + 2*i = u + 4. Determine r(u).
-7
Let q(j) = -630*j - 12 - 1 + 317*j + j**2 + 304*j. Give q(10).
-3
Let f(n) = 10*n**2 + n. Suppose 203 = -6*z - 535. Let h = -110 - z. Suppose 20*u - h = 7*u. Give f(u).
11
Let q(g) = g**3 + 2*g**2 - 3*g + 3. Suppose -132 = -4*t - d, -t + 38 = -3*d + 2*d. Suppose 16 = -3*v - i - t, -12 = -3*i. Let w be 29/(-9) + (-4)/v. Give q(w).
3
Let q(f) be the third derivative of f**6/120 + 3*f**5/20 + 19*f**4/24 + f**3/3 + 38*f**2 + 3*f. Let j be q(-6). Let o(z) = -z**3 - 4*z**2 + 3. What is o(j)?
3
Let k = -22624 - -22599. Let w(c) = 3*c + 57. Give w(k).
-18
Let p be (3 - 9)/((-3)/4). Suppose p*v + 18 + 22 = 0. Let y(o) = -o**2 - 3*o + 4. Give y(v).
-6
Let k(u) = -10*u**2 - 4*u - 2. Let c(r) = -2*r**2 - 7*r + 5. Let g be c(-4). Let q be (2/4)/(g/(-4)). What is k(q)?
-34
Let u(i) = -i**3 - 10*i**2 - 12*i - 32. Let s be u(-11). Let q = s + -224. Let h(f) = -f - 8. Determine h(q).
-5
Let h(p) = 2*p**2 + 3*p + 3. Let n be h(-1). Let z(y) = 18*y**n - 24*y**2 + 5*y**2 - 14*y + 18. Calculate z(-15).
3
Let o(t) = -t**3 - t**2 + t - 2. Let y(j) = 6*j**3 + 6*j**2 - 7*j + 16. Let v(x) = -7*o(x) - y(x). Calculate v(1).
0
Let o(u) = -u**3 - 5*u**2 + 6*u - 5. Let z(y) = -y**3 - 34*y**2 - 48*y + 506. Let g be z(-32). Calculate o(g).
-5
Let w(m) = 17*m**3 + 5*m**2 + 3*m + 3. Let n(h) = -3*h**3 - h**2 - h. Suppose -3*i - 15 = -4*b - 0*b, -4*i = 5*b + 20. Let z(j) = i*n(j) - w(j). Calculate z(2).
-15
Suppose -a - l = 2*l - 27, -2*l - 48 = -3*a. Let p(i) = a*i**2 - 4 + 2*i**2 + 43*i + 3 - 44*i. What is p(-1)?
20
Let a(q) = -1 + 2 - 2. Let y(s) = -5*s + 4. Let f be 260/(-650)*(-15)/(-6). Let d(v) = f*y(v) - 2*a(v). Calculate d(2).
8
Suppose 0 = -138*g - 114*g - 511 - 1757. Let k(t) = t**2 + 10*t + 8. Calculate k(g).
-1
Suppose 0 = -2*z + 2*v, 10*z + 3*v - 75 + 23 = 0. Let r(m) = -m - 8*m + 5*m + 15. Give r(z).
-1
Let u(d) = -d**3 + d**2 - 1. Let a be 0 + (-1 - 4/8*-6). Suppose 5*v - n - 12 = -4*n, -1 = -v - a*n. What is u(v)?
-19
Let i(a) be the second derivative of 4*a**3/3 + 3*a**2 + 502*a. Give i(5).
46
Suppose 0 = -l + 17*l + 80. Let z be (-3)/(-3) - (10*l - 1). Let a(p) = -148*p + 45*p + 50*p + 10 + z*p. Calculate a(5).
5
Let r(i) = -5*i**3 - 93*i**2 - 93*i - 61. Let b(o) = 2*o**3 + 31*o**2 + 31*o + 20. Let h(c) = 8*b(c) + 3*r(c). Calculate h(32).
9
Let o = -475 + 477. Let g(m) = 4*m - 4 - 47*m**2 + 1 + 24*m**o + 18*m**2. Give g(2).
-15
Let q(d) = 1497 - 511 - 507 - 512 + 4*d. What is q(6)?
-9
Let u(q) be the first derivative of q**2/2 + q + 2126. Let f be (-5)/(10/4) - -7. Determine u(f).
6
Let r(f) = 2*f - 45. Let v(x) = x**3 + 16*x**2 - 28*x - 174. Let z be v(-17). Determine r(z).
-19
Let v(r) = 25*r**3 - 60*r**2 + 37*r - 25. Let g(i) = -9*i**3 + 20*i**2 - 12*i + 10. Let t(j) = -11*g(j) - 4*v(j). Determine t(19).
47
Let t(j) = j**3 + 11*j**2 + 7*j + 4. Let x(q) = -12*q**2 - 7*q - 2. Let o(n) = -3*t(n) - 2*x(n). Let s be o(-2). Let d(r) = -r**3 - 5*r**2 + 6*r - 8. Give d(s).
-8
Let g = -326 + 325. Let v(x) = -x + 4. Let c(y) = -y**2 + y - 3. Let k(b) = -6*c(b) - 5*v(b). Determine k(g).
5
Let g(q) be the second derivative of -q**5/20 + q**4/4 + 7*q**2/2 - 3691*q. Calculate g(0).
7
Let j(u) = 13*u + u**2 - 8*u + 6 - 7 + 0. Suppose 0 = -4*o - 3*y - 33, 4*o = -o + 4*y - 18. Calculate j(o).
5
Let l be ((-714)/(-119))/((-1)/(-1)). Let k = -19 - -45. Let s(b) = 10*b - k*b - 1 + l*b + 9*b. Give s(-1).
0
Let o(v) be the third derivative of v**5/30 + 7*v**4/24 - v**3/6 - 6031*v**2. Calculate o(-3)